{"id":1241,"date":"2018-11-10T18:01:02","date_gmt":"2018-11-10T17:01:02","guid":{"rendered":"https:\/\/osadev.fh-potsdam.de\/archiv\/?page_id=1241"},"modified":"2018-11-10T19:12:53","modified_gmt":"2018-11-10T18:12:53","slug":"ueberlieferungsbildung-2","status":"publish","type":"page","link":"https:\/\/osadev.fh-potsdam.de\/archiv\/aufgaben\/ueberlieferungsbildung-2\/","title":{"rendered":"\u00dcberlieferungsbildung"},"content":{"rendered":"<div class=\"row\"  id=\"row-672634603\">\n\n\t<div id=\"col-228479170\" class=\"col title-row small-12 large-12\"  >\n\t\t\t\t<div class=\"col-inner\"  >\n\t\t\t\n\t\t\t\n<h1><b>\u00dcberlieferungsbildung<\/b><\/h1>\n\t\t<\/div>\n\t\t\t\t\t<\/div>\n\n\t\n\n\t<div id=\"col-1554221414\" class=\"col medium-6 small-12 large-6\"  >\n\t\t\t\t<div class=\"col-inner\"  >\n\t\t\t\n\t\t\t\n<script type=\"text\/javascript\" >\ndocument.addEventListener(\"DOMContentLoaded\", function(event) { \nif(!window.jQuery) alert(\"The important jQuery library is not properly loaded in your site. Your WordPress theme is probably missing the essential wp_head() call. You can switch to another theme and you will see that the plugin works fine and this notice disappears. If you are still not sure what to do you can contact us for help.\");\n});\n<\/script>  \n  \n<div  id=\"watupro_quiz\" class=\"quiz-area single-page-quiz\">\n<p id=\"submittingExam1\" style=\"display:none;text-align:center;\"><img loading=\"lazy\" decoding=\"async\" src=\"https:\/\/osadev.fh-potsdam.de\/archiv\/wp-content\/plugins\/watupro\/img\/loading.gif\" width=\"16\" height=\"16\"><\/p>\n\n<div class=\"watupro-exam-description\" id=\"description-quiz-1\"><p><strong>Was ist das beste Kriterium f\u00fcr die Auswahl von Akten zur Archivierung?<\/strong><\/p>\n<\/div>\n\n<form action=\"\" method=\"post\" class=\"quiz-form\" id=\"quiz-1\"  enctype=\"multipart\/form-data\" >\n<div class='watu-question ' id='question-1' style=';'><div id='questionWrap-1'  class='   watupro-question-id-1'>\n\t\t\t<div class='question-content'><div><\/div><input type='hidden' name='question_id[]' id='qID_1' value='1' class='watupro-question-id'\/><input type='hidden' id='answerType1' class='answerTypeCnt1' value='radio'><!-- end question-content--><\/div><div class='question-choices watupro-choices-columns '  id='questionChoices1'><div class='watupro-question-choice  ' dir='auto' ><input type='radio' name='answer-1[]' id='answer-id-1' class='answer   answerof-1  ' value='1'   \/><label for='answer-id-1' id='answer-label-1' class=' answer'><span>Es werden alle Akten archiviert<\/span><\/label><\/div><div class='watupro-question-choice  ' dir='auto' ><input type='radio' name='answer-1[]' id='answer-id-2' class='answer   answerof-1  ' value='2'   \/><label for='answer-id-2' id='answer-label-2' class=' answer'><span>Nach der Bedeutung der Person: Nur die Akten der ber\u00fchmt gewordenen Sch\u00fclerInnen werden archiviert.<\/span><\/label><\/div><div class='watupro-question-choice  ' dir='auto' ><input type='radio' name='answer-1[]' id='answer-id-3' class='answer   answerof-1  ' value='3'   \/><label for='answer-id-3' id='answer-label-3' class=' answer'><span>Nach der Position der Person in der Schule: Nur die Akten der SchulleiterInnen und evtl. der StudienfachleiterInnen werden archiviert.<\/span><\/label><\/div><div class='watupro-question-choice  ' dir='auto' ><input type='radio' name='answer-1[]' id='answer-id-4' class='answer   answerof-1  ' value='4'   \/><label for='answer-id-4' id='answer-label-4' class=' answer'><span>Mittels einer Zufallsstichprobe: 10% der Akten der LehrerInnen und MitarbeiterInnen sowie 10% der Sch\u00fclerIinnenakten werden per Zufallsauswahl archiviert.<\/span><\/label><\/div><div class='watupro-question-choice  ' dir='auto' ><input type='radio' name='answer-1[]' id='answer-id-5' class='answer   answerof-1  ' value='5'   \/><label for='answer-id-5' id='answer-label-5' class=' answer'><span>Die jetzige Schulleitung w\u00e4hlt nach eigenen Kriterien die Akten aus und \u00fcbergibt sie dem Archiv.<\/span><\/label><\/div><!-- end question-choices--><\/div><!-- end questionWrap--><\/div><\/div><div style='display:none' id='question-2'>\n\t<div class='question-content'>\n\t\t<img loading=\"lazy\" decoding=\"async\" src=\"https:\/\/osadev.fh-potsdam.de\/archiv\/wp-content\/plugins\/watupro\/img\/loading.gif\" width=\"16\" height=\"16\" alt=\"Loading...\" title=\"Loading...\" \/>&nbsp;Loading...\t<\/div>\n<\/div>\n\n<br \/>\n\t\n\t\t\t<div class=\"watupro_buttons flex \" id=\"watuPROButtons1\" >\n\t\t  <div id=\"prev-question\" style=\"display:none;\"><input type=\"button\" value=\"&lt; Previous\" onclick=\"WatuPRO.nextQuestion(event, 'previous');\"\/><\/div>\t\t  \t\t  \t\t   \n\t\t   \t  \t\t<div><input type=\"button\" name=\"action\" class=\"watupro-submit-button\" onclick=\"WatuPRO.submitResult(event)\" id=\"action-button\" value=\"Antwort pr\u00fcfen\"  \/>\n\t\t<\/div>\n\t\t<\/div>\n\t\t\n\t<input type=\"hidden\" name=\"quiz_id\" value=\"1\" id=\"watuPROExamID\"\/>\n\t<input type=\"hidden\" name=\"start_time\" id=\"startTime\" value=\"2026-05-06 11:20:03\" \/>\n\t<input type=\"hidden\" name=\"start_timestamp\" id=\"startTimeStamp\" value=\"1778066403\" \/>\n\t<input type=\"hidden\" name=\"question_ids\" value=\"\" \/>\n\t<input type=\"hidden\" name=\"watupro_questions\" value=\"1:1,2,3,4,5\" \/>\n\t<input type=\"hidden\" name=\"no_ajax\" value=\"0\">\t\t\t<\/form>\n\t<p>&nbsp;<\/p>\n<\/div>\n\n<script type=\"text\/javascript\">\n\/\/jQuery(document).ready(function(){\ndocument.addEventListener(\"DOMContentLoaded\", function(event) { \t\nvar question_ids = \"1\";\nWatuPROSettings[1] = {};\nWatuPRO.qArr = question_ids.split(',');\nWatuPRO.exam_id = 1;\t    \nWatuPRO.post_id = 1241;\nWatuPRO.store_progress = 0;\nWatuPRO.curCatPage = 1;\nWatuPRO.requiredIDs=\"0\".split(\",\");\nWatuPRO.hAppID = \"0.67024600 1778059203\";\nvar url = \"https:\/\/osadev.fh-potsdam.de\/archiv\/wp-content\/plugins\/watupro\/show_exam.php\";\nWatuPRO.examMode = 1;\nWatuPRO.siteURL=\"https:\/\/osadev.fh-potsdam.de\/archiv\/wp-admin\/admin-ajax.php\";\nWatuPRO.emailIsNotRequired = 0;\nWatuPROIntel.init(1);\nWatuPRO.inCategoryPages=1;});    \t \n<\/script>\n\n\t\t<\/div>\n\t\t\t\t\t<\/div>\n\n\t\n\n\t<div id=\"col-952893189\" class=\"col medium-6 small-12 large-6\"  >\n\t\t\t\t<div class=\"col-inner\"  >\n\t\t\t\n\t\t\t\n<div class=\"infowell\">\n<p><strong>Zur Erinnerung: Es geht um die Archivierung dieser Akten aus den Jahren 1990 bis 2010!<br \/>\n500 Sch\u00fclerinnen- und Sch\u00fclerakten.<\/strong><\/p>\n<ul>\n<li>Darunter sind auch Akten von mittlerweile ber\u00fchmten Pers\u00f6nlichkeiten<\/li>\n<li>50 Personalakten von LehrerInnen<\/li>\n<li>10 Personalakten von sonstigen MitarbeiterInnen der Schule (Sekret\u00e4rInnen, HausmeisterInnen, Mensapersonal).<\/li>\n<\/ul>\n<\/p>\n<\/div>\n<div id=\"hidden-notice\">\n<div id=\"accordion\">\n<div class=\"button\" role=\"button\">Frage 1<\/div>\n<div class=\"slide\">\nSollten Sie von allen \u00f6ffentlichen Schulen, f\u00fcr die das Archiv zust\u00e4ndig ist, alle Akten \u00fcbernehmen, so<\/p>\n<ul>\n<li>wird das Archivmagazin schnell sehr voll werden,<\/li>\n<li>werden Sie bald mehr Personal f\u00fcr die Erschlie\u00dfung ben\u00f6tigen,<\/li>\n<li>werden die Kosten f\u00fcr die Bestandserhaltung steigen. Auch wenn Sie alles digitalisieren und digital archivieren wird dies enorme Kosten f\u00fcr die digitale Erhaltung nach sich ziehen.<\/li>\n<li>werden k\u00fcnftige BenutzerInnen es schwer haben alle Akten f\u00fcr ihren Nutzungszweck zu \u00fcberblicken und zu lesen.<\/li>\n<\/ul>\n<p><strong>Alles aufzubewahren ist keine L\u00f6sung!<\/strong>\n  <\/div>\n<p> <!-- END ITEM --><\/p>\n<div class=\"button\" role=\"button\">Frage 2<\/div>\n<div class=\"slide\">\nEs entsteht eine \u00dcberlieferung von ber\u00fchmten Pers\u00f6nlichkeiten, sodass Sie ein k\u00fcnftiges Geschichtsbild erzeugen, das nur auf diesen Biographien aufbaut. Das ist aber eine verzerrte Wiedergabe unserer Zeit. Geschichte beruht nicht nur auf Besonderheiten.<\/p>\n<p><strong>Das Kriterium \u201eBer\u00fchmtheit\u201c sollte mit anderen Kriterien kombiniert werden.<\/strong>\n  <\/div>\n<p> <!-- END ITEM --><\/p>\n<div class=\"button\" role=\"button\">Frage 3<\/div>\n<div class=\"slide\">\n<p>Es entsteht eine \u00dcberlieferung von erfolgreichen Pers\u00f6nlichkeiten, sodass Sie ein Geschichtsbild erzeugen, das nur bestimmte Bev\u00f6lkerungs-schichten ber\u00fccksichtigt. Aber die Geschichte aller Beteiligen ist wichtig.<\/p>\n<p><strong>Das Kriterium sollte mit anderen Kriterien kombiniert werden.<\/strong>\n  <\/div>\n<p> <!-- END ITEM --><\/p>\n<div class=\"button\" role=\"button\">Frage 4<\/div>\n<div class=\"slide\">\n<p>Es entsteht tendenziell eine repr\u00e4sentative \u00dcberlieferung, die alle Facetten von Schulpersonal und Sch\u00fclern ber\u00fccksichtigt, sodass Sie ein Geschichtsbild erzeugen, das einen Querschnitt durch die Gesellschaft darstellt. Die Anwendung der Zufallsstichproben ist komplex, f\u00f6rdert aber die \u00dcberlieferung des Gew\u00f6hnlichen.<\/p>\n<p><strong>Sie k\u00f6nnen diese Methode mit der Auswahl von besonderen Einzelpersonen kombinieren.<\/strong>\n  <\/div>\n<p> <!-- END ITEM --><\/p>\n<div class=\"button\" role=\"button\">Frage 5<\/div>\n<div class=\"slide\">\nDie Schulleitung kennt die Akten selbst zwar vielleicht besser als die Archivarin oder der Archivar. Aber die Schulleitung wird von anderen Motiven der \u00dcberlieferungsbildung geleitet, sodass die Auswahl f\u00fcr sp\u00e4tere NutzerInnen mit anderen Fragen von geringerem Wert ist.\n  <\/div>\n<p> <!-- END ITEM --><\/p>\n<p><!-- END ACCORDION -->\n<\/div>\n\t\t<\/div>\n\t\t\t\t\t<\/div>\n\n\t\n<\/div>\n<div class=\"row\"  id=\"row-847345207\">\n<div class=\"col ctrl-buttons\">\n<div class=\"ctrl-buttons-left\"><a href=\"\/archiv\/aufgaben\/ueberlieferungsbildung\/\" class=\"button primary lowercase previous\" >\n\t\t<span>zur\u00fcck<\/span>\n\t<\/a>\n<\/div>\n<div class=\"ctrl-buttons-right\"><a href=\"\/archiv\/aufgaben\/benutzung-von-archivalien-palaeographie\/\" class=\"button primary lowercase next\" >\n\t\t<span>weiter<\/span>\n\t<\/a>\n<\/div>\n<\/p><\/div>\n<\/div>\n","protected":false},"excerpt":{"rendered":"","protected":false},"author":4,"featured_media":0,"parent":134,"menu_order":0,"comment_status":"closed","ping_status":"closed","template":"","meta":{"_acf_changed":false,"powered_cache_disable_cache":false,"footnotes":""},"class_list":["post-1241","page","type-page","status-publish","hentry"],"acf":[],"_links":{"self":[{"href":"https:\/\/osadev.fh-potsdam.de\/archiv\/wp-json\/wp\/v2\/pages\/1241","targetHints":{"allow":["GET"]}}],"collection":[{"href":"https:\/\/osadev.fh-potsdam.de\/archiv\/wp-json\/wp\/v2\/pages"}],"about":[{"href":"https:\/\/osadev.fh-potsdam.de\/archiv\/wp-json\/wp\/v2\/types\/page"}],"author":[{"embeddable":true,"href":"https:\/\/osadev.fh-potsdam.de\/archiv\/wp-json\/wp\/v2\/users\/4"}],"replies":[{"embeddable":true,"href":"https:\/\/osadev.fh-potsdam.de\/archiv\/wp-json\/wp\/v2\/comments?post=1241"}],"version-history":[{"count":6,"href":"https:\/\/osadev.fh-potsdam.de\/archiv\/wp-json\/wp\/v2\/pages\/1241\/revisions"}],"predecessor-version":[{"id":1254,"href":"https:\/\/osadev.fh-potsdam.de\/archiv\/wp-json\/wp\/v2\/pages\/1241\/revisions\/1254"}],"up":[{"embeddable":true,"href":"https:\/\/osadev.fh-potsdam.de\/archiv\/wp-json\/wp\/v2\/pages\/134"}],"wp:attachment":[{"href":"https:\/\/osadev.fh-potsdam.de\/archiv\/wp-json\/wp\/v2\/media?parent=1241"}],"curies":[{"name":"wp","href":"https:\/\/api.w.org\/{rel}","templated":true}]}}