{"id":1259,"date":"2018-11-10T19:49:27","date_gmt":"2018-11-10T18:49:27","guid":{"rendered":"https:\/\/osadev.fh-potsdam.de\/archiv\/?page_id=1259"},"modified":"2018-11-23T21:58:27","modified_gmt":"2018-11-23T20:58:27","slug":"erschliessung-2","status":"publish","type":"page","link":"https:\/\/osadev.fh-potsdam.de\/archiv\/aufgaben\/erschliessung-2\/","title":{"rendered":"Erschlie\u00dfung"},"content":{"rendered":"<h1><b>Erschlie\u00dfung<\/b><\/h1>\n<p>Ordnen Sie mittels Drag and Drop <strong>drei<\/strong> der folgenden Angaben, die Sie auf einem Aktendeckel gefunden haben, den unten genannten Verzeichnungsangaben zu!<\/p>\n<div id=\"hidden-notice\">\n<div id=\"accordion\">\n<div class=\"button\" role=\"button\">Frage 1<\/div>\n<div class=\"slide\">Die Provenienz ist die Herkunft der Akte. Im Fall von Beh\u00f6rdenakten ist dies die Beh\u00f6rde, bei der die Akte gef\u00fchrt wurde. Im vor-liegenden Fall ist der \u201eRegierungspr\u00e4sident in Potsdam\u201c eine Beh\u00f6rdenbezeichnung und damit die Provenienz der Akte.<\/div>\n<div class=\"button\" role=\"button\">Frage 2<\/div>\n<div class=\"slide\">Der Aktentitel beschreibt den sachlichen Inhalt der Akte. In diesem Fall behandelt die Akte die \u201eVerpachtung von Acker- und Wiesengrundst\u00fccken\u201c. Dies ist also der Aktentitel.<\/div>\n<div class=\"button\" role=\"button\">Frage 3<\/div>\n<div class=\"slide\">Die Laufzeit einer Akte ist die Zeit von der Anlegung bis zur Schlie\u00dfung der Akte. In diesem Fall ist es also die Zeit zwischen 1938 und 1943.<\/div>\n<p><!-- END ITEM --><\/p>\n<\/div>\n<\/div>\n<div class=\"watu-sonderfall\"><script type=\"text\/javascript\" >\ndocument.addEventListener(\"DOMContentLoaded\", function(event) { \nif(!window.jQuery) alert(\"The important jQuery library is not properly loaded in your site. Your WordPress theme is probably missing the essential wp_head() call. You can switch to another theme and you will see that the plugin works fine and this notice disappears. If you are still not sure what to do you can contact us for help.\");\n});\n<\/script>  \n  \n<div  id=\"watupro_quiz\" class=\"quiz-area single-page-quiz\">\n<p id=\"submittingExam9\" style=\"display:none;text-align:center;\"><img loading=\"lazy\" decoding=\"async\" src=\"https:\/\/osadev.fh-potsdam.de\/archiv\/wp-content\/plugins\/watupro\/img\/loading.gif\" width=\"16\" height=\"16\"><\/p>\n\n\n\n<form action=\"\" method=\"post\" class=\"quiz-form\" id=\"quiz-9\"  enctype=\"multipart\/form-data\" >\n<div class='watu-question ' id='question-1' style=';'><div id='questionWrap-1'  class='   watupro-question-id-20'>\n\t\t\t<div class='question-content'><div><strong>1. Verzeichnungsangabe - Provenienz: Welche der aufgef\u00fchrten Angaben, l\u00e4sst sich der Verzeichnungsangabe \u201eProvenienz\u201c zuordnen? Kreuzen Sie die richtige Antwort an.<\/strong><\/div><input type='hidden' name='question_id[]' id='qID_1' value='20' class='watupro-question-id'\/><input type='hidden' id='answerType20' class='answerTypeCnt1' value='checkbox'><!-- end question-content--><\/div><div class='question-choices watupro-choices-columns '  id='questionChoices20'><div class='watupro-question-choice  ' dir='auto' ><input type='checkbox' name='answer-20[]' id='answer-id-83' class='answer   answerof-20  ' value='83'   \/><label for='answer-id-83' id='answer-label-83' class=' answer'><span>Verpachtung von Acker- und Wiesengrundst\u00fccken<\/span><\/label><\/div><div class='watupro-question-choice  ' dir='auto' ><input type='checkbox' name='answer-20[]' id='answer-id-84' class='answer   answerof-20  ' value='84'   \/><label for='answer-id-84' id='answer-label-84' class=' answer'><span>Sonderakten<\/span><\/label><\/div><div class='watupro-question-choice  ' dir='auto' ><input type='checkbox' name='answer-20[]' id='answer-id-85' class='answer   answerof-20  ' value='85'   \/><label for='answer-id-85' id='answer-label-85' class=' answer'><span>Regierungspr\u00e4sident in Potsdam<\/span><\/label><\/div><div class='watupro-question-choice  ' dir='auto' ><input type='checkbox' name='answer-20[]' id='answer-id-89' class='answer   answerof-20  ' value='89'   \/><label for='answer-id-89' id='answer-label-89' class=' answer'><span>1938 - 1943<\/span><\/label><\/div><div class='watupro-question-choice  ' dir='auto' ><input type='checkbox' name='answer-20[]' id='answer-id-90' class='answer   answerof-20  ' value='90'   \/><label for='answer-id-90' id='answer-label-90' class=' answer'><span>Aufzubewahren bis 1963<\/span><\/label><\/div><div class='watupro-question-choice  ' dir='auto' ><input type='checkbox' name='answer-20[]' id='answer-id-91' class='answer   answerof-20  ' value='91'   \/><label for='answer-id-91' id='answer-label-91' class=' answer'><span>Aktenzeichen: Kreis Teltow 1<\/span><\/label><\/div><div class='watupro-question-choice  ' dir='auto' ><input type='checkbox' name='answer-20[]' id='answer-id-92' class='answer   answerof-20  ' value='92'   \/><label for='answer-id-92' id='answer-label-92' class=' answer'><span>Band 8 Fortsetzung Band 9<\/span><\/label><\/div><!-- end question-choices--><\/div><!-- end questionWrap--><\/div><\/div><div class='watu-question ' id='question-2' style=';'><div id='questionWrap-2'  class='   watupro-question-id-21'>\n\t\t\t<div class='question-content'><div><strong>2.  Verzeichnungsangabe - Aktentitel: Welche der aufgef\u00fchrten Angaben, l\u00e4sst sich der Verzeichnungsangabe \u201eAktentitel\u201c zuordnen? Kreuzen Sie die richtige Antwort an.<\/strong><\/div><input type='hidden' name='question_id[]' id='qID_2' value='21' class='watupro-question-id'\/><input type='hidden' id='answerType21' class='answerTypeCnt2' value='checkbox'><!-- end question-content--><\/div><div class='question-choices watupro-choices-columns '  id='questionChoices21'><div class='watupro-question-choice  ' dir='auto' ><input type='checkbox' name='answer-21[]' id='answer-id-86' class='answer   answerof-21  ' value='86'   \/><label for='answer-id-86' id='answer-label-86' class=' answer'><span>Verpachtung von Acker- und Wiesengrundst\u00fccken<\/span><\/label><\/div><div class='watupro-question-choice  ' dir='auto' ><input type='checkbox' name='answer-21[]' id='answer-id-87' class='answer   answerof-21  ' value='87'   \/><label for='answer-id-87' id='answer-label-87' class=' answer'><span>Sonderakten<\/span><\/label><\/div><div class='watupro-question-choice  ' dir='auto' ><input type='checkbox' name='answer-21[]' id='answer-id-88' class='answer   answerof-21  ' value='88'   \/><label for='answer-id-88' id='answer-label-88' class=' answer'><span>Regierungspr\u00e4sident in Potsdam<\/span><\/label><\/div><div class='watupro-question-choice  ' dir='auto' ><input type='checkbox' name='answer-21[]' id='answer-id-93' class='answer   answerof-21  ' value='93'   \/><label for='answer-id-93' id='answer-label-93' class=' answer'><span>1938 - 1943<\/span><\/label><\/div><div class='watupro-question-choice  ' dir='auto' ><input type='checkbox' name='answer-21[]' id='answer-id-94' class='answer   answerof-21  ' value='94'   \/><label for='answer-id-94' id='answer-label-94' class=' answer'><span>Aufzubewahren bis 1963<\/span><\/label><\/div><div class='watupro-question-choice  ' dir='auto' ><input type='checkbox' name='answer-21[]' id='answer-id-95' class='answer   answerof-21  ' value='95'   \/><label for='answer-id-95' id='answer-label-95' class=' answer'><span>Aktenzeichen: Kreis Teltow 1<\/span><\/label><\/div><div class='watupro-question-choice  ' dir='auto' ><input type='checkbox' name='answer-21[]' id='answer-id-96' class='answer   answerof-21  ' value='96'   \/><label for='answer-id-96' id='answer-label-96' class=' answer'><span>Band 8 Fortsetzung Band 9<\/span><\/label><\/div><!-- end question-choices--><\/div><!-- end questionWrap--><\/div><\/div><div class='watu-question ' id='question-3' style=';'><div id='questionWrap-3'  class='   watupro-question-id-22'>\n\t\t\t<div class='question-content'><div><strong>3. Verzeichnungsangabe - Laufzeit: Welche der aufgef\u00fchrten Angaben, l\u00e4sst sich der Verzeichnungsangabe \u201eLaufzeit\u201c zuordnen? Kreuzen Sie die richtige Antwort an.<\/strong><\/div><input type='hidden' name='question_id[]' id='qID_3' value='22' class='watupro-question-id'\/><input type='hidden' id='answerType22' class='answerTypeCnt3' value='checkbox'><!-- end question-content--><\/div><div class='question-choices watupro-choices-columns '  id='questionChoices22'><div class='watupro-question-choice  ' dir='auto' ><input type='checkbox' name='answer-22[]' id='answer-id-97' class='answer   answerof-22  ' value='97'   \/><label for='answer-id-97' id='answer-label-97' class=' answer'><span>Verpachtung von Acker- und Wiesengrundst\u00fccken<\/span><\/label><\/div><div class='watupro-question-choice  ' dir='auto' ><input type='checkbox' name='answer-22[]' id='answer-id-98' class='answer   answerof-22  ' value='98'   \/><label for='answer-id-98' id='answer-label-98' class=' answer'><span>Sonderakten<\/span><\/label><\/div><div class='watupro-question-choice  ' dir='auto' ><input type='checkbox' name='answer-22[]' id='answer-id-99' class='answer   answerof-22  ' value='99'   \/><label for='answer-id-99' id='answer-label-99' class=' answer'><span>Regierungspr\u00e4sident in Potsdam<\/span><\/label><\/div><div class='watupro-question-choice  ' dir='auto' ><input type='checkbox' name='answer-22[]' id='answer-id-100' class='answer   answerof-22  ' value='100'   \/><label for='answer-id-100' id='answer-label-100' class=' answer'><span>1938 - 1943<\/span><\/label><\/div><div class='watupro-question-choice  ' dir='auto' ><input type='checkbox' name='answer-22[]' id='answer-id-101' class='answer   answerof-22  ' value='101'   \/><label for='answer-id-101' id='answer-label-101' class=' answer'><span>Aufzubewahren bis 1963<\/span><\/label><\/div><div class='watupro-question-choice  ' dir='auto' ><input type='checkbox' name='answer-22[]' id='answer-id-102' class='answer   answerof-22  ' value='102'   \/><label for='answer-id-102' id='answer-label-102' class=' answer'><span>Aktenzeichen: Kreis Teltow 1<\/span><\/label><\/div><div class='watupro-question-choice  ' dir='auto' ><input type='checkbox' name='answer-22[]' id='answer-id-103' class='answer   answerof-22  ' value='103'   \/><label for='answer-id-103' id='answer-label-103' class=' answer'><span>Band 8 Fortsetzung Band 9<\/span><\/label><\/div><!-- end question-choices--><\/div><!-- end questionWrap--><\/div><\/div><div style='display:none' id='question-4'>\n\t<div class='question-content'>\n\t\t<img loading=\"lazy\" decoding=\"async\" src=\"https:\/\/osadev.fh-potsdam.de\/archiv\/wp-content\/plugins\/watupro\/img\/loading.gif\" width=\"16\" height=\"16\" alt=\"Loading...\" title=\"Loading...\" \/>&nbsp;Loading...\t<\/div>\n<\/div>\n\n<br \/>\n\t\n\t\t\t<div class=\"watupro_buttons flex \" id=\"watuPROButtons9\" >\n\t\t  <div id=\"prev-question\" style=\"display:none;\"><input type=\"button\" value=\"&lt; Previous\" onclick=\"WatuPRO.nextQuestion(event, 'previous');\"\/><\/div>\t\t  \t\t  \t\t   \n\t\t   \t  \t\t<div><input type=\"button\" name=\"action\" class=\"watupro-submit-button\" onclick=\"WatuPRO.submitResult(event)\" id=\"action-button\" value=\"Antwort pr\u00fcfen\"  \/>\n\t\t<\/div>\n\t\t<\/div>\n\t\t\n\t<input type=\"hidden\" name=\"quiz_id\" value=\"9\" id=\"watuPROExamID\"\/>\n\t<input type=\"hidden\" name=\"start_time\" id=\"startTime\" value=\"2026-05-06 11:20:03\" \/>\n\t<input type=\"hidden\" name=\"start_timestamp\" id=\"startTimeStamp\" value=\"1778066403\" \/>\n\t<input type=\"hidden\" name=\"question_ids\" value=\"\" \/>\n\t<input type=\"hidden\" name=\"watupro_questions\" value=\"20:83,84,85,89,90,91,92 | 21:86,87,88,93,94,95,96 | 22:97,98,99,100,101,102,103\" \/>\n\t<input type=\"hidden\" name=\"no_ajax\" value=\"0\">\t\t\t<\/form>\n\t<p>&nbsp;<\/p>\n<\/div>\n\n<script type=\"text\/javascript\">\n\/\/jQuery(document).ready(function(){\ndocument.addEventListener(\"DOMContentLoaded\", function(event) { \t\nvar question_ids = \"20,21,22\";\nWatuPROSettings[9] = {};\nWatuPRO.qArr = question_ids.split(',');\nWatuPRO.exam_id = 9;\t    \nWatuPRO.post_id = 1259;\nWatuPRO.store_progress = 0;\nWatuPRO.curCatPage = 1;\nWatuPRO.requiredIDs=\"0\".split(\",\");\nWatuPRO.hAppID = \"0.54734900 1778059203\";\nvar url = \"https:\/\/osadev.fh-potsdam.de\/archiv\/wp-content\/plugins\/watupro\/show_exam.php\";\nWatuPRO.examMode = 1;\nWatuPRO.siteURL=\"https:\/\/osadev.fh-potsdam.de\/archiv\/wp-admin\/admin-ajax.php\";\nWatuPRO.emailIsNotRequired = 0;\nWatuPROIntel.init(9);\nWatuPRO.inCategoryPages=1;});    \t \n<\/script>\n<\/div>\n<div class=\"row\"  id=\"row-64315115\">\n<div class=\"col ctrl-buttons\">\n<div class=\"ctrl-buttons-left\"><a href=\"\/archiv\/aufgaben\/erschliessung\/\" class=\"button primary lowercase previous\" >\n\t\t<span>zur\u00fcck<\/span>\n\t<\/a>\n<\/div>\n<div class=\"ctrl-buttons-right\"><a href=\"\/archiv\/aufgaben\/digitale-archivierung\/\" class=\"button primary lowercase next\" >\n\t\t<span>weiter<\/span>\n\t<\/a>\n<\/div>\n<\/div>\n<\/div>\n","protected":false},"excerpt":{"rendered":"<p>Erschlie\u00dfung Ordnen Sie mittels Drag and Drop drei der folgenden Angaben, die Sie auf einem Aktendeckel gefunden haben, den unten genannten Verzeichnungsangaben zu! Frage 1 Die Provenienz ist die Herkunft der Akte. Im Fall von Beh\u00f6rdenakten ist dies die Beh\u00f6rde, bei der die Akte gef\u00fchrt wurde. Im vor-liegenden Fall ist der \u201eRegierungspr\u00e4sident in Potsdam\u201c eine [&#8230;]\n","protected":false},"author":4,"featured_media":0,"parent":134,"menu_order":0,"comment_status":"closed","ping_status":"closed","template":"","meta":{"_acf_changed":false,"powered_cache_disable_cache":false,"footnotes":""},"class_list":["post-1259","page","type-page","status-publish","hentry"],"acf":[],"_links":{"self":[{"href":"https:\/\/osadev.fh-potsdam.de\/archiv\/wp-json\/wp\/v2\/pages\/1259","targetHints":{"allow":["GET"]}}],"collection":[{"href":"https:\/\/osadev.fh-potsdam.de\/archiv\/wp-json\/wp\/v2\/pages"}],"about":[{"href":"https:\/\/osadev.fh-potsdam.de\/archiv\/wp-json\/wp\/v2\/types\/page"}],"author":[{"embeddable":true,"href":"https:\/\/osadev.fh-potsdam.de\/archiv\/wp-json\/wp\/v2\/users\/4"}],"replies":[{"embeddable":true,"href":"https:\/\/osadev.fh-potsdam.de\/archiv\/wp-json\/wp\/v2\/comments?post=1259"}],"version-history":[{"count":22,"href":"https:\/\/osadev.fh-potsdam.de\/archiv\/wp-json\/wp\/v2\/pages\/1259\/revisions"}],"predecessor-version":[{"id":1335,"href":"https:\/\/osadev.fh-potsdam.de\/archiv\/wp-json\/wp\/v2\/pages\/1259\/revisions\/1335"}],"up":[{"embeddable":true,"href":"https:\/\/osadev.fh-potsdam.de\/archiv\/wp-json\/wp\/v2\/pages\/134"}],"wp:attachment":[{"href":"https:\/\/osadev.fh-potsdam.de\/archiv\/wp-json\/wp\/v2\/media?parent=1259"}],"curies":[{"name":"wp","href":"https:\/\/api.w.org\/{rel}","templated":true}]}}