{"id":165,"date":"2018-02-01T11:46:14","date_gmt":"2018-02-01T10:46:14","guid":{"rendered":"https:\/\/osadev.fh-potsdam.de\/archiv\/?page_id=165"},"modified":"2019-06-28T11:23:05","modified_gmt":"2019-06-28T09:23:05","slug":"analoge-bestandserhaltung","status":"publish","type":"page","link":"https:\/\/osadev.fh-potsdam.de\/archiv\/aufgaben\/analoge-bestandserhaltung\/","title":{"rendered":"Analoge Bestandserhaltung"},"content":{"rendered":"<div class=\"row\"  id=\"row-2013913339\">\n\n\t<div id=\"col-733565644\" class=\"col title-row small-12 large-12\"  >\n\t\t\t\t<div class=\"col-inner\"  >\n\t\t\t\n\t\t\t\n<h1><b>Analoge Bestandserhaltung<\/b><\/h1>\n\t\t<\/div>\n\t\t\t\t\t<\/div>\n\n\t\n\n\t<div id=\"col-1254391527\" class=\"col medium-6 small-12 large-6\"  >\n\t\t\t\t<div class=\"col-inner\"  >\n\t\t\t\n\t\t\t\n<p>Analoges Archivgut kommt oft erst viele Jahre nach seiner Entstehung ins Archiv und ist durch lange ung\u00fcnstige Lagerung h\u00e4ufig schon erheblich gesch\u00e4digt. Aufgabe der ArchivarInnen ist es, bestehende Sch\u00e4den zu erkennen und Ma\u00dfnahmen zu planen, die eine weitere Sch\u00e4digung ausschlie\u00dfen.<\/p>\n<p class=\"p1\"><strong><span class=\"s1\">Welche der aufgef\u00fchrten Schadensarten erkennen Sie auf dem Bild?<\/span><\/strong><\/p>\n<script type=\"text\/javascript\" >\ndocument.addEventListener(\"DOMContentLoaded\", function(event) { \nif(!window.jQuery) alert(\"The important jQuery library is not properly loaded in your site. Your WordPress theme is probably missing the essential wp_head() call. You can switch to another theme and you will see that the plugin works fine and this notice disappears. If you are still not sure what to do you can contact us for help.\");\n});\n<\/script>  \n  \n<div  id=\"watupro_quiz\" class=\"quiz-area single-page-quiz\">\n<p id=\"submittingExam4\" style=\"display:none;text-align:center;\"><img loading=\"lazy\" decoding=\"async\" src=\"https:\/\/osadev.fh-potsdam.de\/archiv\/wp-content\/plugins\/watupro\/img\/loading.gif\" width=\"16\" height=\"16\"><\/p>\n\n\n\n<form action=\"\" method=\"post\" class=\"quiz-form\" id=\"quiz-4\"  enctype=\"multipart\/form-data\" >\n<div class='watu-question ' id='question-1' style=';'><div id='questionWrap-1'  class='   watupro-question-id-5'>\n\t\t\t<div class='question-content'><div><\/div><input type='hidden' name='question_id[]' id='qID_1' value='5' class='watupro-question-id'\/><input type='hidden' id='answerType5' class='answerTypeCnt1' value='checkbox'><!-- end question-content--><\/div><div class='question-choices watupro-choices-columns '  id='questionChoices5'><div class='watupro-question-choice  ' dir='auto' ><input type='checkbox' name='answer-5[]' id='answer-id-18' class='answer   answerof-5  ' value='18'   \/><label for='answer-id-18' id='answer-label-18' class=' answer'><span>mechanische Sch\u00e4den (Risse, Knicke)<\/span><\/label><\/div><div class='watupro-question-choice  ' dir='auto' ><input type='checkbox' name='answer-5[]' id='answer-id-19' class='answer   answerof-5  ' value='19'   \/><label for='answer-id-19' id='answer-label-19' class=' answer'><span>Schimmel<\/span><\/label><\/div><div class='watupro-question-choice  ' dir='auto' ><input type='checkbox' name='answer-5[]' id='answer-id-20' class='answer   answerof-5  ' value='20'   \/><label for='answer-id-20' id='answer-label-20' class=' answer'><span>Brandschaden<\/span><\/label><\/div><div class='watupro-question-choice  ' dir='auto' ><input type='checkbox' name='answer-5[]' id='answer-id-21' class='answer   answerof-5  ' value='21'   \/><label for='answer-id-21' id='answer-label-21' class=' answer'><span>Tierfra\u00df<\/span><\/label><\/div><div class='watupro-question-choice  ' dir='auto' ><input type='checkbox' name='answer-5[]' id='answer-id-22' class='answer   answerof-5  ' value='22'   \/><label for='answer-id-22' id='answer-label-22' class=' answer'><span>Wasserschaden<\/span><\/label><\/div><div class='watupro-question-choice  ' dir='auto' ><input type='checkbox' name='answer-5[]' id='answer-id-23' class='answer   answerof-5  ' value='23'   \/><label for='answer-id-23' id='answer-label-23' class=' answer'><span>Korrosion von Metallteilen<\/span><\/label><\/div><div class='watupro-question-choice  ' dir='auto' ><input type='checkbox' name='answer-5[]' id='answer-id-24' class='answer   answerof-5  ' value='24'   \/><label for='answer-id-24' id='answer-label-24' class=' answer'><span>Papierzerfall durch S\u00e4ure<\/span><\/label><\/div><!-- end question-choices--><\/div><!-- end questionWrap--><\/div><\/div><div style='display:none' id='question-2'>\n\t<div class='question-content'>\n\t\t<img loading=\"lazy\" decoding=\"async\" src=\"https:\/\/osadev.fh-potsdam.de\/archiv\/wp-content\/plugins\/watupro\/img\/loading.gif\" width=\"16\" height=\"16\" alt=\"Loading...\" title=\"Loading...\" \/>&nbsp;Loading...\t<\/div>\n<\/div>\n\n<br \/>\n\t\n\t\t\t<div class=\"watupro_buttons flex \" id=\"watuPROButtons4\" >\n\t\t  <div id=\"prev-question\" style=\"display:none;\"><input type=\"button\" value=\"&lt; Previous\" onclick=\"WatuPRO.nextQuestion(event, 'previous');\"\/><\/div>\t\t  \t\t  \t\t   \n\t\t   \t  \t\t<div><input type=\"button\" name=\"action\" class=\"watupro-submit-button\" onclick=\"WatuPRO.submitResult(event)\" id=\"action-button\" value=\"Antwort pr\u00fcfen\"  \/>\n\t\t<\/div>\n\t\t<\/div>\n\t\t\n\t<input type=\"hidden\" name=\"quiz_id\" value=\"4\" id=\"watuPROExamID\"\/>\n\t<input type=\"hidden\" name=\"start_time\" id=\"startTime\" value=\"2026-05-06 10:59:38\" \/>\n\t<input type=\"hidden\" name=\"start_timestamp\" id=\"startTimeStamp\" value=\"1778065178\" \/>\n\t<input type=\"hidden\" name=\"question_ids\" value=\"\" \/>\n\t<input type=\"hidden\" name=\"watupro_questions\" value=\"5:18,19,20,21,22,23,24\" \/>\n\t<input type=\"hidden\" name=\"no_ajax\" value=\"0\">\t\t\t<\/form>\n\t<p>&nbsp;<\/p>\n<\/div>\n\n<script type=\"text\/javascript\">\n\/\/jQuery(document).ready(function(){\ndocument.addEventListener(\"DOMContentLoaded\", function(event) { \t\nvar question_ids = \"5\";\nWatuPROSettings[4] = {};\nWatuPRO.qArr = question_ids.split(',');\nWatuPRO.exam_id = 4;\t    \nWatuPRO.post_id = 165;\nWatuPRO.store_progress = 0;\nWatuPRO.curCatPage = 1;\nWatuPRO.requiredIDs=\"0\".split(\",\");\nWatuPRO.hAppID = \"0.71134100 1778057978\";\nvar url = \"https:\/\/osadev.fh-potsdam.de\/archiv\/wp-content\/plugins\/watupro\/show_exam.php\";\nWatuPRO.examMode = 1;\nWatuPRO.siteURL=\"https:\/\/osadev.fh-potsdam.de\/archiv\/wp-admin\/admin-ajax.php\";\nWatuPRO.emailIsNotRequired = 0;\nWatuPROIntel.init(4);\nWatuPRO.inCategoryPages=1;});    \t \n<\/script>\n\n\t\t<\/div>\n\t\t\t\t\t<\/div>\n\n\t\n\n\t<div id=\"col-1684718918\" class=\"col dig-archiv-hint medium-6 small-12 large-6\"  >\n\t\t\t\t<div class=\"col-inner\"  >\n\t\t\t\n\t\t\t\n<p><img decoding=\"async\" src=\"https:\/\/osa.fh-potsdam.de\/archiv\/wp-content\/uploads\/sites\/9\/2018\/06\/analoge-bestanderhaltung-1024x718.jpg\"><\/p>\n<p><small>Foto: Sabine Stropp und Michael Scholz <\/small><\/p>\n\t\t<\/div>\n\t\t\t\t\t<\/div>\n\n\t\n<\/div>\n<div class=\"row\"  id=\"row-1619088857\">\n<div class=\"col ctrl-buttons\">\n<div class=\"ctrl-buttons-left\">\n<a href=\"\/archiv\/aufgaben\/digitale-archivierung\/\" class=\"button primary lowercase previous\" >\n\t\t<span>zur\u00fcck<\/span>\n\t<\/a>\n\n<\/div>\n<div class=\"ctrl-buttons-right\">\n<a href=\"\/archiv\/aufgaben\/praesentation-und-vermittlung-historischer-quellen\/\" class=\"button primary lowercase next\" >\n\t\t<span>weiter<\/span>\n\t<\/a>\n\n<\/div>\n<\/div>\n<\/div>\n","protected":false},"excerpt":{"rendered":"","protected":false},"author":3,"featured_media":0,"parent":134,"menu_order":0,"comment_status":"closed","ping_status":"closed","template":"","meta":{"_acf_changed":false,"powered_cache_disable_cache":false,"footnotes":""},"class_list":["post-165","page","type-page","status-publish","hentry"],"acf":[],"_links":{"self":[{"href":"https:\/\/osadev.fh-potsdam.de\/archiv\/wp-json\/wp\/v2\/pages\/165","targetHints":{"allow":["GET"]}}],"collection":[{"href":"https:\/\/osadev.fh-potsdam.de\/archiv\/wp-json\/wp\/v2\/pages"}],"about":[{"href":"https:\/\/osadev.fh-potsdam.de\/archiv\/wp-json\/wp\/v2\/types\/page"}],"author":[{"embeddable":true,"href":"https:\/\/osadev.fh-potsdam.de\/archiv\/wp-json\/wp\/v2\/users\/3"}],"replies":[{"embeddable":true,"href":"https:\/\/osadev.fh-potsdam.de\/archiv\/wp-json\/wp\/v2\/comments?post=165"}],"version-history":[{"count":29,"href":"https:\/\/osadev.fh-potsdam.de\/archiv\/wp-json\/wp\/v2\/pages\/165\/revisions"}],"predecessor-version":[{"id":1371,"href":"https:\/\/osadev.fh-potsdam.de\/archiv\/wp-json\/wp\/v2\/pages\/165\/revisions\/1371"}],"up":[{"embeddable":true,"href":"https:\/\/osadev.fh-potsdam.de\/archiv\/wp-json\/wp\/v2\/pages\/134"}],"wp:attachment":[{"href":"https:\/\/osadev.fh-potsdam.de\/archiv\/wp-json\/wp\/v2\/media?parent=165"}],"curies":[{"name":"wp","href":"https:\/\/api.w.org\/{rel}","templated":true}]}}