{"id":107,"date":"2018-02-01T11:00:07","date_gmt":"2018-02-01T10:00:07","guid":{"rendered":"https:\/\/osadev.fh-potsdam.de\/bibliothekswissenschaft\/?page_id=107"},"modified":"2018-10-26T15:15:04","modified_gmt":"2018-10-26T13:15:04","slug":"digitale-informationsinfrastruktur","status":"publish","type":"page","link":"https:\/\/osadev.fh-potsdam.de\/bibliothekswissenschaft\/studium\/studienbereiche\/digitale-informationsinfrastruktur\/","title":{"rendered":"Digitale Informationsinfrastruktur"},"content":{"rendered":"<div class=\"row\"  id=\"row-1823151463\">\n\n\t<div id=\"col-858744858\" class=\"col medium-6 small-12 large-6\"  >\n\t\t\t\t<div class=\"col-inner\"  >\n\t\t\t\n\t\t\t\n<h1><b>Digitale Informationsinfrastruktur<\/b><\/h1>\n<p><b>Informationsaufbereitung, Informationsvisualisierung, <\/b><b>Informationsdienste<\/b><\/p>\n<p>Wie k\u00f6nnen Informationen und Daten optimal f\u00fcr einen bestimmten Kontext bereitgestellt werden? Wie lassen sich gro\u00dfe Informations- und Datenmengen auf Dauer organisieren und pflegen?<\/p>\n<p>Bei diesen Fragen muss ber\u00fccksichtigt werden, dass verschiedene Zielgruppen mit unterschiedlichen Blickwinkeln auf die immer gr\u00f6\u00dfer werdenden digitalen Informations- oder Datensammlungen schauen. Die NutzerInnen erwarten spezifische Antworten m\u00f6glichst schnell und qualitativ hochwertig. Ein Nutzeranliegen kann z.B. in der Entwicklung bestimmter Suchmechanismen bestehen oder in einer speziell ausgerichteten Visualisierungstechnologie. Auch kann die Beschreibung der Datens\u00e4tze in Form standardisierter Metadaten gew\u00fcnscht sein. Die Aufbereitung der Information gem\u00e4\u00df der W\u00fcnsche der Zielgruppen hat stets das Ziel, dass zielgerichtete Recherchen innerhalb der Informations- und Datensammlungen m\u00f6glich sind. Die vorher ungeordneten Informationen sollen in bestehende Systeme einzuordnen sein. Sie werden lernen, derartige Systeme nach einheitlichen Standards selbst zu entwickeln und konzeptionell bzw. technologisch weiterzuf\u00fchren.<\/p>\n\t\t<\/div>\n\t\t\t\t\t<\/div>\n\n\t\n\n\t<div id=\"col-893807958\" class=\"col medium-6 small-12 large-6\"  >\n\t\t\t\t<div class=\"col-inner\"  >\n\t\t\t\n\t\t\t\n\t<div class=\"img has-hover x md-x lg-x y md-y lg-y\" id=\"image_1326675222\">\n\t\t\t\t\t\t\t\t<div class=\"img-inner dark\" >\n\t\t\t<img loading=\"lazy\" decoding=\"async\" width=\"520\" height=\"425\" src=\"https:\/\/osadev.fh-potsdam.de\/bibliothekswissenschaft\/wp-content\/uploads\/sites\/7\/2018\/02\/digitale-informationsstruktur.png\" class=\"attachment-large size-large\" alt=\"\" srcset=\"https:\/\/osadev.fh-potsdam.de\/bibliothekswissenschaft\/wp-content\/uploads\/sites\/7\/2018\/02\/digitale-informationsstruktur.png 520w, https:\/\/osadev.fh-potsdam.de\/bibliothekswissenschaft\/wp-content\/uploads\/sites\/7\/2018\/02\/digitale-informationsstruktur-300x245.png 300w\" sizes=\"auto, (max-width: 520px) 100vw, 520px\" \/>\t\t\t\t\t\t\n\t\t\t\t\t<\/div>\n\t\t\t\t\t\t\t\t\n<style>\n#image_1326675222 {\n  width: 100%;\n}\n<\/style>\n\t<\/div>\n\t\n\t\t<\/div>\n\t\t\t\t\n<style>\n#col-893807958 > .col-inner {\n  padding: 0 0px 0px 0px;\n}\n<\/style>\n\t<\/div>\n\n\t\n<\/div>\n<div class=\"row\"  id=\"row-1948269597\">\n<div class=\"col ctrl-buttons\">\n<div class=\"ctrl-buttons-left\"><a href=\"\/bibliothekswissenschaft\/studium\/studienbereiche\/mensch-und-information\/\" class=\"button primary lowercase previous\" >\n\t\t<span>zur\u00fcck<\/span>\n\t<\/a>\n<\/div>\n<div class=\"ctrl-buttons-right\"><a href=\"\/bibliothekswissenschaft\/studium\/studienbereiche\/informationstechnologie\/\" class=\"button primary lowercase next\" >\n\t\t<span>weiter<\/span>\n\t<\/a>\n<\/div>\n<\/div>\n<\/div>\n","protected":false},"excerpt":{"rendered":"","protected":false},"author":3,"featured_media":0,"parent":87,"menu_order":0,"comment_status":"closed","ping_status":"closed","template":"","meta":{"_acf_changed":false,"powered_cache_disable_cache":false,"footnotes":""},"class_list":["post-107","page","type-page","status-publish","hentry"],"acf":[],"_links":{"self":[{"href":"https:\/\/osadev.fh-potsdam.de\/bibliothekswissenschaft\/wp-json\/wp\/v2\/pages\/107","targetHints":{"allow":["GET"]}}],"collection":[{"href":"https:\/\/osadev.fh-potsdam.de\/bibliothekswissenschaft\/wp-json\/wp\/v2\/pages"}],"about":[{"href":"https:\/\/osadev.fh-potsdam.de\/bibliothekswissenschaft\/wp-json\/wp\/v2\/types\/page"}],"author":[{"embeddable":true,"href":"https:\/\/osadev.fh-potsdam.de\/bibliothekswissenschaft\/wp-json\/wp\/v2\/users\/3"}],"replies":[{"embeddable":true,"href":"https:\/\/osadev.fh-potsdam.de\/bibliothekswissenschaft\/wp-json\/wp\/v2\/comments?post=107"}],"version-history":[{"count":10,"href":"https:\/\/osadev.fh-potsdam.de\/bibliothekswissenschaft\/wp-json\/wp\/v2\/pages\/107\/revisions"}],"predecessor-version":[{"id":1081,"href":"https:\/\/osadev.fh-potsdam.de\/bibliothekswissenschaft\/wp-json\/wp\/v2\/pages\/107\/revisions\/1081"}],"up":[{"embeddable":true,"href":"https:\/\/osadev.fh-potsdam.de\/bibliothekswissenschaft\/wp-json\/wp\/v2\/pages\/87"}],"wp:attachment":[{"href":"https:\/\/osadev.fh-potsdam.de\/bibliothekswissenschaft\/wp-json\/wp\/v2\/media?parent=107"}],"curies":[{"name":"wp","href":"https:\/\/api.w.org\/{rel}","templated":true}]}}