{"id":263,"date":"2018-02-01T13:05:17","date_gmt":"2018-02-01T12:05:17","guid":{"rendered":"https:\/\/osadev.fh-potsdam.de\/informations-datenmanagement\/?page_id=263"},"modified":"2018-11-23T22:48:49","modified_gmt":"2018-11-23T21:48:49","slug":"michael-p-wissenschaftlicher-mitarbeiter","status":"publish","type":"page","link":"https:\/\/osadev.fh-potsdam.de\/informations-datenmanagement\/aussichten\/interviews-mit-absolventinnen-und-absolventen\/michael-p-wissenschaftlicher-mitarbeiter\/","title":{"rendered":"Michael P., wissenschaftlicher Mitarbeiter"},"content":{"rendered":"<div class=\"row\"  id=\"row-1443243347\">\n\n\t<div id=\"col-125458172\" class=\"col title-row-null small-12 large-12\"  >\n\t\t\t\t<div class=\"col-inner\"  >\n\t\t\t\n\t\t\t\n<h1><b>Michael P., wissenschaftlicher Mitarbeiter<\/b><\/h1>\n\t\t<\/div>\n\t\t\t\t\t<\/div>\n\n\t\n\n\t<div id=\"col-1099708909\" class=\"col medium-8 small-12 large-8\"  >\n\t\t\t\t<div class=\"col-inner\"  >\n\t\t\t\n\t\t\t\n<p><b>Studienabschluss: Information und Dokumentation, B.A., Informationswissenschaften, M.A.<\/b><\/p>\n<div class=\"accordion\">\n\t<div id=\"accordion-1103296498\" class=\"accordion-item\">\n\t\t<a id=\"accordion-1103296498-label\" class=\"accordion-title plain active\" href=\"#accordion-item-stellen-sie-sich-und-ihren-beruf-kurz-vor!\" aria-expanded=\"true\" aria-controls=\"accordion-1103296498-content\">\n\t\t\t<button class=\"toggle\" aria-label=\"Umschalten\"><i class=\"icon-angle-down\" aria-hidden=\"true\"><\/i><\/button>\n\t\t\t<span>Stellen Sie sich und Ihren Beruf kurz vor!<\/span>\n\t\t<\/a>\n\t\t<div id=\"accordion-1103296498-content\" class=\"accordion-inner\" style=\"display: block;\" aria-labelledby=\"accordion-1103296498-label\">\n\t\t\t\n<p>Ich bin Absolvent des Bachelorstudiengangs \u201eInformation und Dokumentation\u201c bzw. des Masterstudiengangs \u201eInformationswissenschaften\u201c am Fachbereich 5 der FH Potsdam. Ich arbeite als wissenschaftlicher Mitarbeiter an der Technischen Informationsbibliothek Hannover im von der EU gef\u00f6rderten Projekt \u201eDURAble ARchitectural Knowledge\u201c (DURAARK), welches die Digitale Archivierung von dreidimensionalen Architekturdaten zum Ziel hat.<\/p>\n\t\t<\/div>\n\t<\/div>\n\t\n\t<div id=\"accordion-1143767263\" class=\"accordion-item\">\n\t\t<a id=\"accordion-1143767263-label\" class=\"accordion-title plain\" href=\"#accordion-item-beschreiben-sie-ihre-arbeit!-wie-sieht-ein-typischer-arbeitstag-bei-ihnen-aus?\" aria-expanded=\"false\" aria-controls=\"accordion-1143767263-content\">\n\t\t\t<button class=\"toggle\" aria-label=\"Umschalten\"><i class=\"icon-angle-down\" aria-hidden=\"true\"><\/i><\/button>\n\t\t\t<span>Beschreiben Sie Ihre Arbeit! Wie sieht ein typischer Arbeitstag bei Ihnen aus?<\/span>\n\t\t<\/a>\n\t\t<div id=\"accordion-1143767263-content\" class=\"accordion-inner\" aria-labelledby=\"accordion-1143767263-label\">\n\t\t\t\n<p>Da es sich um ein Projekt handelt, gibt es nicht DEN \u201etypischen Arbeitstag\u201c. Die Projektarbeit ist gepr\u00e4gt von unterschiedlichen Abl\u00e4ufen:<\/p>\n<ul>\n<li>an einem Tag finden mehrere Telefonkonferenzen mit den Projektpartnern aus ganz Europa statt,<\/li>\n<li>an einem anderen Tag werden entwickelte Verfahren gemeinsam getestet oder<\/li>\n<li>es werden Projektberichte (\u201eDeliverables\u201c) f\u00fcr die Europ\u00e4ische Kommission geschrieben.<\/li>\n<\/ul>\n<p>Generell ist die Kommunikation intern und mit den Partnern extrem wichtig, da so die gemeinsame Projektarbeit auch \u00fcber die Landesgrenzen hinweg gesichert ist.<\/p>\n\t\t<\/div>\n\t<\/div>\n\t\n\t<div id=\"accordion-2455337518\" class=\"accordion-item\">\n\t\t<a id=\"accordion-2455337518-label\" class=\"accordion-title plain\" href=\"#accordion-item-warum-haben-sie-sich-f\u00fcr-den-studiengang-information-und-dokumentation-entschieden?\" aria-expanded=\"false\" aria-controls=\"accordion-2455337518-content\">\n\t\t\t<button class=\"toggle\" aria-label=\"Umschalten\"><i class=\"icon-angle-down\" aria-hidden=\"true\"><\/i><\/button>\n\t\t\t<span>Warum haben Sie sich f\u00fcr den Studiengang Information und Dokumentation entschieden?<\/span>\n\t\t<\/a>\n\t\t<div id=\"accordion-2455337518-content\" class=\"accordion-inner\" aria-labelledby=\"accordion-2455337518-label\">\n\t\t\t\n<p>Im Privaten habe ich bereits lange vor dem Studium systematisch meine Tontr\u00e4ger abgelegt und hatte seit jeher ein Faible f\u00fcr Klassifikationen, Erschlie\u00dfung und Ordnungssysteme. Durch entsprechende Recherchen bin ich auf den Studiengang an der FH Potsdam aufmerksam geworden und habe mich dort beworben.<\/p>\n\t\t<\/div>\n\t<\/div>\n\t\n\t<div id=\"accordion-2741870196\" class=\"accordion-item\">\n\t\t<a id=\"accordion-2741870196-label\" class=\"accordion-title plain\" href=\"#accordion-item-schildern-sie-ihren-beruflichen-werdegang.-wie-sind-sie-zu-ihrem-jetzigen-beruf-gekommen?\" aria-expanded=\"false\" aria-controls=\"accordion-2741870196-content\">\n\t\t\t<button class=\"toggle\" aria-label=\"Umschalten\"><i class=\"icon-angle-down\" aria-hidden=\"true\"><\/i><\/button>\n\t\t\t<span>Schildern sie ihren beruflichen Werdegang. Wie sind sie zu ihrem jetzigen Beruf gekommen?<\/span>\n\t\t<\/a>\n\t\t<div id=\"accordion-2741870196-content\" class=\"accordion-inner\" aria-labelledby=\"accordion-2741870196-label\">\n\t\t\t\n<p>Ganz klassisch: Nach dem Masterstudium und einem Jahr in einem Softwareunternehmen in \u00d6sterreich habe ich mich erfolgreich an der TIB Hannover f\u00fcr meine derzeitige Stelle beworben.<\/p>\n\t\t<\/div>\n\t<\/div>\n\t\n\t<div id=\"accordion-3719236586\" class=\"accordion-item\">\n\t\t<a id=\"accordion-3719236586-label\" class=\"accordion-title plain\" href=\"#accordion-item-was-fasziniert-sie-an-ihrer-t\u00e4tigkeit?\" aria-expanded=\"false\" aria-controls=\"accordion-3719236586-content\">\n\t\t\t<button class=\"toggle\" aria-label=\"Umschalten\"><i class=\"icon-angle-down\" aria-hidden=\"true\"><\/i><\/button>\n\t\t\t<span>Was fasziniert Sie an ihrer T\u00e4tigkeit?<\/span>\n\t\t<\/a>\n\t\t<div id=\"accordion-3719236586-content\" class=\"accordion-inner\" aria-labelledby=\"accordion-3719236586-label\">\n\t\t\t\n<p>Die Zusammenarbeit mit anderen Partnern, die einen teilweise komplett anderen Hintergrund haben und dennoch innerhalb des Projekts dieselben Ziele verfolgen. Hierdurch werden Sichtweisen ausgetauscht, die einen auch selbst weiterbringen. Zudem werden Schnittstellen zu anderen Fachbereichen und Disziplinen aufgebaut, die teilweise so gar nicht vorhanden sind.<\/p>\n\t\t<\/div>\n\t<\/div>\n\t\n\t<div id=\"accordion-2582372784\" class=\"accordion-item\">\n\t\t<a id=\"accordion-2582372784-label\" class=\"accordion-title plain\" href=\"#accordion-item-was-erleben-sie-als-herausforderung-bei-ihrer-t\u00e4tigkeit?-was-macht-es-eventuell-schwer?\" aria-expanded=\"false\" aria-controls=\"accordion-2582372784-content\">\n\t\t\t<button class=\"toggle\" aria-label=\"Umschalten\"><i class=\"icon-angle-down\" aria-hidden=\"true\"><\/i><\/button>\n\t\t\t<span>Was erleben Sie als Herausforderung bei Ihrer T\u00e4tigkeit? Was macht es eventuell schwer?<\/span>\n\t\t<\/a>\n\t\t<div id=\"accordion-2582372784-content\" class=\"accordion-inner\" aria-labelledby=\"accordion-2582372784-label\">\n\t\t\t\n<p>Die eben angesprochenen \u201eanderen Fachbereiche\u201c stellen einen nat\u00fcrlich vor eine Herausforderung, da die Partner in diesen Disziplinen teilweise promoviert und jahrelange Erfahrungen vorzuweisen haben, ich mir das Wissen allerdings selbst erarbeiten muss, welches f\u00fcr eine erfolgreiche Zusammenarbeit notwendig ist.<\/p>\n\t\t<\/div>\n\t<\/div>\n\t\n\t<div id=\"accordion-2129693909\" class=\"accordion-item\">\n\t\t<a id=\"accordion-2129693909-label\" class=\"accordion-title plain\" href=\"#accordion-item-was-ist-ihrer-meinung-nach-das-wichtigste,-das-sie-w\u00e4hrend-des-studiums-f\u00fcr-ihren-aktuellen-beruf-gelernt-haben?\" aria-expanded=\"false\" aria-controls=\"accordion-2129693909-content\">\n\t\t\t<button class=\"toggle\" aria-label=\"Umschalten\"><i class=\"icon-angle-down\" aria-hidden=\"true\"><\/i><\/button>\n\t\t\t<span>Was ist Ihrer Meinung nach das Wichtigste, das Sie w\u00e4hrend des Studiums f\u00fcr Ihren aktuellen Beruf gelernt haben?<\/span>\n\t\t<\/a>\n\t\t<div id=\"accordion-2129693909-content\" class=\"accordion-inner\" aria-labelledby=\"accordion-2129693909-label\">\n\t\t\t\n<p>Das grundlegende Verst\u00e4ndnis, dass Informationen in der heutigen Zeit sehr wichtig, aber auch sehr fl\u00fcchtig sind, habe ich vor allen Dingen im Studium gelernt. Des Weiteren wurden die Werkzeuge, die notwendig sind, um Informationen zu bewahren, im Studium vermittelt. Auf diesen grundlegenden Kenntnissen baut letztendlich meine gesamte aktuelle T\u00e4tigkeit auf.<\/p>\n\t\t<\/div>\n\t<\/div>\n\t\n\t<div id=\"accordion-1617460589\" class=\"accordion-item\">\n\t\t<a id=\"accordion-1617460589-label\" class=\"accordion-title plain\" href=\"#accordion-item-gibt-es-etwas-im-studium,-das-ihnen-besonders-in-erinnerung-geblieben-ist?\" aria-expanded=\"false\" aria-controls=\"accordion-1617460589-content\">\n\t\t\t<button class=\"toggle\" aria-label=\"Umschalten\"><i class=\"icon-angle-down\" aria-hidden=\"true\"><\/i><\/button>\n\t\t\t<span>Gibt es etwas im Studium, das Ihnen besonders in Erinnerung geblieben ist?<\/span>\n\t\t<\/a>\n\t\t<div id=\"accordion-1617460589-content\" class=\"accordion-inner\" aria-labelledby=\"accordion-1617460589-label\">\n\t\t\t\n<p>Ich erinnere mich gerne an die erste Woche beim Studium, als eine Professorin im Fach \u201eInhaltliche Erschlie\u00dfung\u201c sagte: \u201eInformationen, die nicht erfasst oder indexiert wurden, sind nicht vorhanden.\u201c Das hat irgendwie das gesamte Studium und unsere Arbeit als Dokumentare auf den Punkt gebracht.<\/p>\n\t\t<\/div>\n\t<\/div>\n\t\n\t<div id=\"accordion-2187093438\" class=\"accordion-item\">\n\t\t<a id=\"accordion-2187093438-label\" class=\"accordion-title plain\" href=\"#accordion-item-was-sollte-man-an-interessen-bzw.-f\u00e4higkeiten-f\u00fcr-dieses-berufsfeld-mitbringen,-im-studium-erwerben-oder-sich-ggf.-durch-zusatzqualifikationen-aneignen?\" aria-expanded=\"false\" aria-controls=\"accordion-2187093438-content\">\n\t\t\t<button class=\"toggle\" aria-label=\"Umschalten\"><i class=\"icon-angle-down\" aria-hidden=\"true\"><\/i><\/button>\n\t\t\t<span>Was sollte man an Interessen bzw. F\u00e4higkeiten f\u00fcr dieses Berufsfeld mitbringen, im Studium erwerben oder sich ggf. durch Zusatzqualifikationen aneignen?<\/span>\n\t\t<\/a>\n\t\t<div id=\"accordion-2187093438-content\" class=\"accordion-inner\" aria-labelledby=\"accordion-2187093438-label\">\n\t\t\t\n<p>Bei mir war, wie oben erw\u00e4hnt, ein grundlegendes Interesse an Ordnungssystemen hilfreich, um mir die Inhalte des Studiums zu erarbeiten und wesentliche Fertigkeiten zu erlernen. Durch eine Vielzahl von Projektstellen auf dem heutigen Arbeitsmarkt und der damit verbundenen Projektarbeit, sind Erfahrungen im Projektmanagement und dort angewandten Modellen und Prozessen ebenfalls von Vorteil. Und obwohl ich heute keinesfalls Informatikaufgaben, wie bspw. Programmierung, erf\u00fclle, ist ein technisches Grundverst\u00e4ndnis von Vorteil, um Zusammenh\u00e4nge und Schnittstellen in teilweise sehr komplexen IT-Infrastrukturen zu verstehen.<\/p>\n\t\t<\/div>\n\t<\/div>\n\t\n\t<div id=\"accordion-1043652951\" class=\"accordion-item\">\n\t\t<a id=\"accordion-1043652951-label\" class=\"accordion-title plain\" href=\"#accordion-item-was-w\u00fcrden-sie-studieninteressierten-mit-auf-den-weg-geben?-welchen-rat-w\u00fcrden-sie-studienanf\u00e4ngern-geben,-die-sp\u00e4ter-ebenfalls-ihren-beruf-aus\u00fcben-wollen?\" aria-expanded=\"false\" aria-controls=\"accordion-1043652951-content\">\n\t\t\t<button class=\"toggle\" aria-label=\"Umschalten\"><i class=\"icon-angle-down\" aria-hidden=\"true\"><\/i><\/button>\n\t\t\t<span>Was w\u00fcrden Sie Studieninteressierten mit auf den Weg geben? Welchen Rat w\u00fcrden Sie Studienanf\u00e4ngern geben, die sp\u00e4ter ebenfalls Ihren Beruf aus\u00fcben wollen?<\/span>\n\t\t<\/a>\n\t\t<div id=\"accordion-1043652951-content\" class=\"accordion-inner\" aria-labelledby=\"accordion-1043652951-label\">\n\t\t\t\n<p>Bei \u201eInformation und Dokumentation\u201c denkt man an Thesauri, Klassifikationen oder Informationsmanagement. Datenbanken, Programmierung oder Contentmanagementsysteme sind hingegen nicht die Begriffe die einem zuerst einfallen. Studenten sollten hier offen f\u00fcr diese Bereiche sein und nicht an den technischen Herausforderungen verzweifeln, denn 1.) sind die erworbenen Kenntnisse im sp\u00e4teren Werdegang sehr von Vorteil und 2.) macht es erheblichen Spa\u00df, wenn man es verstanden hat. \ud83d\ude42<\/p>\n\t\t<\/div>\n\t<\/div>\n\t\n<\/div>\n\t\t<\/div>\n\t\t\t\t\t<\/div>\n\n\t\n\n\t<div id=\"col-542587533\" class=\"col medium-4 small-12 large-4\"  >\n\t\t\t\t<div class=\"col-inner\"  >\n\t\t\t\n\t\t\t\n\t<div class=\"img has-hover x md-x lg-x y md-y lg-y\" id=\"image_1427968652\">\n\t\t\t\t\t\t\t\t<div class=\"img-inner dark\" >\n\t\t\t<img loading=\"lazy\" decoding=\"async\" width=\"531\" height=\"709\" src=\"https:\/\/osadev.fh-potsdam.de\/informations-datenmanagement\/wp-content\/uploads\/sites\/8\/2018\/04\/5_Michael-P_IuD_Portrait.jpg\" class=\"attachment-large size-large\" alt=\"\" srcset=\"https:\/\/osadev.fh-potsdam.de\/informations-datenmanagement\/wp-content\/uploads\/sites\/8\/2018\/04\/5_Michael-P_IuD_Portrait.jpg 531w, https:\/\/osadev.fh-potsdam.de\/informations-datenmanagement\/wp-content\/uploads\/sites\/8\/2018\/04\/5_Michael-P_IuD_Portrait-225x300.jpg 225w\" sizes=\"auto, (max-width: 531px) 100vw, 531px\" \/>\t\t\t\t\t\t\n\t\t\t\t\t<\/div>\n\t\t\t\t\t\t\t\t\n<style>\n#image_1427968652 {\n  width: 100%;\n}\n<\/style>\n\t<\/div>\n\t\n<p style=\"text-align:right;margin-top:-10px;font-size:12px;\">Quelle: privat<\/p>\n\t\t<\/div>\n\t\t\t\t\t<\/div>\n\n\t\n<\/div>\n<div class=\"row\"  id=\"row-1089049012\">\n<div class=\"col ctrl-buttons\">\n<div class=\"ctrl-buttons-left\"><a href=\"\/informations-datenmanagement\/aussichten\/interviews-mit-absolventinnen-und-absolventen\/elisabeth-t-bibliothekarin\/\" class=\"button primary lowercase previous\" >\n\t\t<span>zur\u00fcck<\/span>\n\t<\/a>\n<\/div>\n<div class=\"ctrl-buttons-right\"><a href=\"\/informations-datenmanagement\/aussichten\/interviews-mit-absolventinnen-und-absolventen\/patrick-p-wordpress-entwickler\/\" class=\"button primary lowercase next\" >\n\t\t<span>weiter<\/span>\n\t<\/a>\n<\/div>\n<\/div>\n<\/div>\n","protected":false},"excerpt":{"rendered":"","protected":false},"author":3,"featured_media":0,"parent":242,"menu_order":0,"comment_status":"closed","ping_status":"closed","template":"","meta":{"_acf_changed":false,"powered_cache_disable_cache":false,"footnotes":""},"class_list":["post-263","page","type-page","status-publish","hentry"],"acf":[],"_links":{"self":[{"href":"https:\/\/osadev.fh-potsdam.de\/informations-datenmanagement\/wp-json\/wp\/v2\/pages\/263","targetHints":{"allow":["GET"]}}],"collection":[{"href":"https:\/\/osadev.fh-potsdam.de\/informations-datenmanagement\/wp-json\/wp\/v2\/pages"}],"about":[{"href":"https:\/\/osadev.fh-potsdam.de\/informations-datenmanagement\/wp-json\/wp\/v2\/types\/page"}],"author":[{"embeddable":true,"href":"https:\/\/osadev.fh-potsdam.de\/informations-datenmanagement\/wp-json\/wp\/v2\/users\/3"}],"replies":[{"embeddable":true,"href":"https:\/\/osadev.fh-potsdam.de\/informations-datenmanagement\/wp-json\/wp\/v2\/comments?post=263"}],"version-history":[{"count":17,"href":"https:\/\/osadev.fh-potsdam.de\/informations-datenmanagement\/wp-json\/wp\/v2\/pages\/263\/revisions"}],"predecessor-version":[{"id":1223,"href":"https:\/\/osadev.fh-potsdam.de\/informations-datenmanagement\/wp-json\/wp\/v2\/pages\/263\/revisions\/1223"}],"up":[{"embeddable":true,"href":"https:\/\/osadev.fh-potsdam.de\/informations-datenmanagement\/wp-json\/wp\/v2\/pages\/242"}],"wp:attachment":[{"href":"https:\/\/osadev.fh-potsdam.de\/informations-datenmanagement\/wp-json\/wp\/v2\/media?parent=263"}],"curies":[{"name":"wp","href":"https:\/\/api.w.org\/{rel}","templated":true}]}}